100000
In base 4, what is -11 - 333022122103?
-333022122120
In base 13, what is 83c707b + -1?
83c707a
In base 14, what is -758081 + 5?
-75807a
In base 3, what is 101020020 - 20200020?
10120000
In base 10, what is -279 + 228484?
228205
In base 7, what is -10426 + 6333?
-1063
In base 12, what is -102536 + 23?
-102513
In base 10, what is -135914430 - 0?
-135914430
In base 9, what is 22736 + 3334?
26171
In base 13, what is 22524 + -495?
2205c
In base 6, what is 2503032 + 24501?
2531533
In base 10, what is 8 + -6048010?
-6048002
In base 4, what is -10 + -2211132011030?
-2211132011100
In base 12, what is -25682b6 - 3b?
-2568335
In base 10, what is 436 + 75253?
75689
In base 9, what is -3 + -41731846?
-41731850
In base 16, what is 2422ed + 25?
242312
In base 4, what is -10103021212 - 3?
-10103021221
In base 6, what is -1101 - 1400002?
-1401103
In base 8, what is -6445241 - -4?
-6445235
In base 7, what is -33623166 - -36?
-33623130
In base 14, what is -d23aa - 34?
-d2400
In base 9, what is -4 - 335280?
-335284
In base 16, what is -1a07 - -a84?
-f83
In base 14, what is b954a4 - 15?
b9548d
In base 4, what is -2302231 - -1221?
-2301010
In base 10, what is -27436 + -291?
-27727
In base 16, what is -4b7 + 87d49?
87892
In base 2, what is -1010010000010111 + 11011100?
-1010001100111011
In base 4, what is 2302 - 12021122?
-12012220
In base 16, what is 9 + -11b411?
-11b408
In base 2, what is 1110110101 - -1001111011111110?
1010001010110011
In base 11, what is -11311 + -215?
-11526
In base 6, what is 330322202 - -42?
330322244
In base 16, what is 5 - -76ffe5f?
76ffe64
In base 3, what is 2001100120201100 + -120?
2001100120200210
In base 2, what is -100011100010 + 11010110010010101?
11010001110110011
In base 6, what is -13242453212 - -4?
-13242453204
In base 9, what is -827154 + -21?
-827175
In base 11, what is -162481 + -9a3?
-163374
In base 16, what is -2 - -23320e?
23320c
In base 4, what is -32100222 - -113120?
-31321102
In base 7, what is 166 + -204640?
-204441
In base 9, what is 45444227 + -5?
45444222
In base 6, what is -13332110514 - 1?
-13332110515
In base 12, what is 740b92 + 2?
740b94
In base 8, what is 1 - 5565145?
-5565144
In base 16, what is 195f - 1180?
7df
In base 16, what is 4b4f + 46f?
4fbe
In base 16, what is 2985f + 19?
29878
In base 15, what is 8e33779 + 7?
8e33781
In base 4, what is -3 - 3201003313120?
-3201003313123
In base 4, what is 100320230 + -331231?
33322333
In base 7, what is -100366264 - 3?
-100366300
In base 5, what is 200303232200 - -10?
200303232210
In base 16, what is 894 - 76d8?
-6e44
In base 14, what is -127 - 62781?
-628a8
In base 14, what is 396 + -b3b1?
-b019
In base 10, what is 3 + -36993296?
-36993293
In base 13, what is 341 + 3a27c?
3a5c0
In base 8, what is 361 - -3154512?
3155073
In base 5, what is -200 + -44233323?
-44234023
In base 13, what is 40b62c - -5?
40b634
In base 10, what is -14747045 - 5?
-14747050
In base 3, what is -1 + 2201202100010?
2201202100002
In base 7, what is 106146 + 525?
110004
In base 9, what is 74 + 5456522?
5456606
In base 15, what is 9b2d + 204?
9d32
In base 9, what is -3104278 - -153?
-3104125
In base 12, what is -457b3a + -1a?
-457b58
In base 2, what is 10000111000100000011111 + 101?
10000111000100000100100
In base 14, what is -d857 - 14b?
-d9a4
In base 13, what is 852cc1 - -7c?
853070
In base 14, what is 1d - -562078?
562097
In base 14, what is -74d18821 - -3?
-74d1881c
In base 14, what is -14 + -321b12?
-321b26
In base 11, what is 4169 + 126a?
5428
In base 16, what is -2a4eee8 - 3?
-2a4eeeb
In base 10, what is 23514 - 899?
22615
In base 3, what is 1222120012012 - -202?
1222120012221
In base 9, what is -2608152 + -82?
-2608244
In base 14, what is -1b6 - -2581?
23a9
In base 10, what is 7 + -18162964?
-18162957
In base 14, what is -132dd - 291a?
-15c19
In base 6, what is -5 + 2505455?
2505450
In base 10, what is -1 - 36287498?
-36287499
In base 7, what is 3 - 110060054?
-110060051
In base 7, what is 1522234663 + 3?
1522234666
In base 8, what is -213 + -27077400?
-27077613
In base 3, what is -1002120022 + 1012002?
-1001101020
In base 8, what is -347 - -352431?
352062
In base 12, what is 2 - -1219774?
1219776
In base 13, what is 13 - 768b8?
-768a5
In base 6, what is -322333 - 24411?
-351144
In base 14, what is 8432575 + 2?
8432577
In base 13, what is 36c29668 + 5?
36c29670
In base 15, what is -19e84 - 39a?
-1a32e
In base 14, what is -5cb42 - -4?
-5cb3c
In base 10, what is 595 + 734882?
735477
In base 11, what is -964 + -315a?
-4013
In base 14, what is 34ca4660 + 0?
34ca4660
In base 10, what is -4352 - -3721?
-631
In base 2, what is 100100111011111011 + -11010?
100100111011100001
In base 8, what is 3365255 + -31?
3365224
In base 14, what is -4 - aba81d?
-aba823
In base 8, what is 1531 - -237226?
240757
In base 7, what is -42260041 - 310?
-42260351
In base 14, what is -8 - 6a78c0?
-6a78c8
In base 13, what is 3c7030 + a?
3c703a
In base 9, what is 20660 + 13373?
34143
In base 14, what is 3485 - 1c8a?
15d9
In base 8, what is 500564 - 51?
500513
In base 7, what is -5254344243 - 3?
-5254344246
In base 4, what is -20332130 - 321230?
-21320020
In base 10, what is 2487 + -13026?
-10539
In base 12, what is 59657 + 625?
5a080
In base 11, what is -41967 + 41?
-41926
In base 6, what is 0 - -11353422?
11353422
In base 4, what is -20 - 1002023220013?
-1002023220033
In base 5, what is -102443012 + -4113?
-103002130
In base 12, what is 6b78 + -8309?
-1351
In base 16, what is b624 - -3?
b627
In base 8, what is 4 - 137542763?
-137542757
In base 9, what is 4 - 56538778?
-56538774
In base 8, what is -13625 + 3303?
-10322
In base 2, what is -101001 + -1001001011010111110110?
-1001001011011000011111
In base 8, what is -52532757 - 4?
-52532763
In base 16, what is 1748ee6 - -1?
1748ee7
In base 6, what is -240245 - 21?
-240310
In base 2, what is -101001101110110001000110 - -101?
-101001101110110001000001
In base 9, what is -568847 + 376?
-568461
In base 8, what is -4 - -740026?
740022
In base 10, what is -11854983 - 7?
-11854990
In base 15, what is 12ad35e9 + 4?
12ad35ed
In base 12, what is 5 - -83945b?
839464
In base 7, what is 21 + 451660?
452011
In base 14, what is 2 + -9ba0345?
-9ba0343
In base 9, what is 3266 + -5305?
-2028
In base 12, what is 252a884 - b?
252a875
In base 6, what is -20522312153 + -4?
-20522312201
In base 3, what is -2 - -20120100000201100?
20120100000201021
In base 15, what is -3 + -381d5e1?
-381d5e4
In base 8, what is -2 - 355377270?
-355377272
In base 6, what is -12322 + 3354235?
3341513
In base 2, what is -10111010001010000101011 + 1?
-10111010001010000101010
In base 7, what is 2332405 + 2302?
2335010
In base 5, what is 1 + 343430124204?
343430124210
In base 10, what is 4057742 + -12?
4057730
In base 7, what is -13543041 - -5?
-13543033
In base 4, what is -222232 + -11001131?
-11230023
In base 5, what is -14 + -1421421321?
-1421421340
In base 4, what is 2333323310 - -3132?
2333333102
In base 4, what is 2000020 + -120300032?
-112300012
In base 6, what is -10551500 - -1431?
-10550025
In base 14, what is -37bc - -107?
-36b5
In base 3, what is -220122010101120 - -10?
-220122010101110
In base 15, what is -12cebba - 5?
-12cebc0
In base 8, what is 333015640 - 2?
333015636
In base 4, what is 101120103 - 12023?
101102020
In base 5, what is -303031340 - 330?
-303032220
In base 3, what is -10 - 22112112210220?
-22112112211000
In base 6, what is -31 - -51303341?
51303310
In base 9, what is 6 + -2513883?
-2513876
In base 15, what is -73ba5 - 164?
-73d19
In base 9, what is 23444768 - 15?
23444753
In base 12, what is -459a - 7461?
-ba3b
In base 4, what is -30120303230110 + -2?
-30120303230112
In base 16, what is 11 + 6eecc?
6eedd
In base 11, what is -2262 - 480?
-2732
In base 2, what is 10 - 101110110000010001101000110?
-101110110000010001101000100
In base 9, what is 118730 - 162?
118557
In base 7, what is 16560460 + -35?
16560422
In base 4, what is -1011311 + -22112300?
-23130211
In base 5, what is 140410 - -1230231?
1421141
In base 8, what is -22354 - 57632?
-102206
In base 15, what is -43 - 34b4e?
-34b92
In base 5, what is -1141241111 - 1?
-1141241112
In base 3, what is 200122010 - 102021?
200012212
In base 8, what is -560360 - 247?
-560627
In base 7, what is 25 - -56036200?
56036225
In base 16, what is